 n(3).
8
Let x(f) = -3*f**2 + 2*f + 2. Let k(d) = d**2 + 4*d + 1. Let g be k(-3). Let n = 0 - g. What is x(n)?
-6
Suppose -5*k + 10 + 32 = 4*n, -2*k + 4*n = 0. Let y(h) = -h + 1. What is y(k)?
-5
Let u(m) be the first derivative of m**4/4 + 4*m**3/3 - 3*m**2 + m + 1. Suppose -4*t - 110 = t. Let c = 17 + t. Calculate u(c).
6
Suppose -5*g + 10 + 12 = 2*a, 0 = g + 5*a - 9. Let t = g - 9. Let c(m) = m**3 + 6*m**2 + 6*m + 5. Determine c(t).
0
Let i(h) = -3*h + 2 - h**2 + 4 - 2*h. Let v(p) = -p**2 - 4*p + 2. Let l be v(-4). Suppose -x - l = 3. Determine i(x).
6
Let z(t) = 5*t**2 - 2*t - 1. Let l(v) = 2*v - 6 - 3 - 3*v + 3. Let r be (4/2 + -7)/1. Let f be l(r). What is z(f)?
6
Let a = -18 - -20. Let v(k) = -3 - a + 2*k + 7*k + 4. Determine v(1).
8
Let y(v) be the second derivative of -v**5/20 + v**4/12 + 2*v**3/3 + 3*v. Let g be (-1)/1 - (-3 + -1). Determine y(g).
-6
Let x(o) = -12*o**2 - 6*o - 1 + 12*o**2 + o**2 + 2*o. Give x(5).
4
Let f be (-10)/30 + 2/6. Suppose -3*o + f + 6 = 0. Let b(a) = 0 + 1 - 1 - 1 + 3*a**2. Give b(o).
11
Let h(z) be the third derivative of z**5/60 + z**4/12 - 2*z**3/3 + 9*z**2. Calculate h(-4).
4
Let b(u) = -2*u + 6. Suppose -2*c + 2 = -6. Let i be b(c). Let q(x) be the second derivative of -x**3/3 - x. What is q(i)?
4
Let d(y) = -y - 3 - 1 + 0. Let f be d(-4). Let g be f/(-4*(-2)/(-4)). Let u(v) = v**2 - v + 5. What is u(g)?
5
Let m(q) = 2*q - 1. Let l be m(5). Let r(p) = -2*p - 3. Let z(b) = -5*b - 7. Let s(w) = l*r(w) - 4*z(w). Let j be 4/(-3) - (-4)/12. Give s(j).
-1
Let j(a) be the first derivative of -7*a**3/3 + a**2 - a - 9. What is j(1)?
-6
Suppose 0*x - x + 13 = 3*w, 0 = 2*w + 5*x - 26. Let a(l) = -l**3 + 2*l**2 + 0 + 1 + 3*l**w. Let m(u) = -3*u**2 + 1. Let t be m(1). Give a(t).
-7
Let g(y) = y + 4. Let t be (0 - (-12)/3)/1. Suppose 5*d - t*l + 9 = -4, -2*d - 4*l = 22. What is g(d)?
-1
Let i = -63 - -61. Let y(n) = -n**3 + n + 1. Calculate y(i).
7
Let h(k) = -10*k**2 + 6*k - 9. Let n(w) = 7*w**2 - 4*w + 6. Let s(f) = -5*h(f) - 7*n(f). Determine s(5).
18
Suppose 5*y + 1 = 11. Let q(o) = 2*o**3 - 4*o**2 + 2*o + 1. Calculate q(y).
5
Suppose 25 = 3*l + 4. Let b(u) = 4*u - 2 - l*u + 0*u. Let y(j) = -2*j**2 + 12*j - 3. Let z be y(6). Give b(z).
7
Let f(w) = -2 - 4 - 3 + 6 - 4*w. Suppose -4*g + 70 = g. Suppose -5*v - 11 = -r, -2*v + 4*r + 6 = g. Calculate f(v).
5
Let n be (-4)/(-10)*5 - 0. Suppose -4*g + n*g = 0. Let z(w) = w**3 + w**2 + 2. Give z(g).
2
Let f(i) = -3*i**2 + i + 5. Let m(p) = -2*p**2 + 2. Let l(x) = -3*f(x) + 5*m(x). Let w = 2 + -1. Let b = -3 - w. Calculate l(b).
-9
Let i(n) = -n**3 - 2*n**2 + n. Let m = -9 - -7. Determine i(m).
-2
Let d = -167 - -167. Let h(g) = g**3 - g**2 - g + 6. What is h(d)?
6
Suppose 3*s - 3 = -4*o, 2*o - 5*o = -5*s - 24. Let t be 0/((-2 - s)*-1). Let v(m) = t - 7*m + 0*m + 1. Give v(1).
-6
Let p(d) = 3*d - 5. Let t(s) = s**2 + 2*s - 4. Let h(a) = 3*p(a) - 4*t(a). Suppose x - 2*u + 0 = 5, 2*x = -4*u - 14. Determine h(x).
-4
Suppose -4*o - f - 2*f - 16 = 0, 2*o + 2*f + 6 = 0. Let i(l) = l**3 + 7*l**2 + 1. What is i(o)?
1
Suppose -5*h - 8 = -6*h. Let n(t) = t**2 - 2*t**3 + 2*t**2 + 4 - h + 3*t**3 - 4*t. Give n(-4).
-4
Let p(d) = -4*d + 5 - 4 - d. Suppose 6*y + 3 = 7*y. Let o = -4 + y. What is p(o)?
6
Let a(g) = g**2 + 3*g + 1. Suppose -4*v = -y, -5*v + 8 + 1 = y. Suppose -y*i + 2 = -5*i. What is a(i)?
-1
Suppose -7*v = -3*v. Let i(d) = d**3 + d + 9. Give i(v).
9
Let s(k) = -k - 1. Suppose 3*h + 4 + 4 = -2*b, 2*b + 8 = -5*h. Determine s(b).
3
Suppose 2*d + 3 = 7. Let g(c) = -c**3 + c**2 - c + 1. Let k be g(d). Let x = -2 - k. Let o(u) = -u. Determine o(x).
-3
Let a(n) = -15*n - 3. Let d(r) = -17*r - 4. Let k(w) = -7*a(w) + 6*d(w). Let y be (-1)/(2/((-20)/2)). Determine k(y).
12
Let d = 39 - 33. Let l(n) = -2*n - 7. Give l(d).
-19
Let g be (1/(-2))/(8/(-16)). Let a(w) = 5*w + 4. Let y(l) = 5*l + 5. Let t(z) = -6*a(z) + 5*y(z). Determine t(g).
-4
Suppose 0 = -4*c + c - 15. Let l(p) be the third derivative of -p**6/120 - p**5/10 - p**4/6 + 7*p**3/6 - 26*p**2. Determine l(c).
2
Let o(z) = 4*z**2 - z + z**3 - 2*z**2 - 5*z**2 + 5 + 2*z**2. Give o(0).
5
Suppose -3*h - 3*j + 9 = -6*j, -2*h = j. Let a(k) = 2*k. Let r be a(h). Let n(m) = 4 + 0 + 2*m**2 - 2*m**3 + 2*m - 5. Determine n(r).
-5
Let q = -28 + 25. Suppose -r - 4 - 1 = 0. Let m(g) = -2*g**3 + g**2 + 4*g + 11. Let u(j) = -3*j**3 + 2*j**2 + 6*j + 17. Let f(o) = r*u(o) + 8*m(o). Give f(q).
6
Let u(v) = -v**3 + 5*v**2 - 2*v - 3. Let b(s) = -s + 1. Let j be b(-3). Give u(j).
5
Let r(w) = -2*w - 4*w + 7*w - 3 + w**2. Let m be r(-3). Suppose m*g - 4 = 7*g. Let h(i) = -5*i + 1. What is h(g)?
6
Let t(j) = 0*j - j - 3 - j. Let q(i) = i**3 - 5*i**2 + 3*i + 2. Let m be q(4). Give t(m).
1
Let k(y) = -2*y + 13. Let s(z) = 1. Let m(c) = -c + 5. Let h(g) = -m(g) - 2*s(g). Let v(x) = 11*h(x) + 6*k(x). Calculate v(-3).
4
Let f(p) = -p - 9. Let r be f(-11). Let x(a) = 0*a**3 + 0 + r*a + a**3 + 5*a**2 + 3 - 5. Determine x(-4).
6
Suppose 5 = 2*d + 1. Let m(g) = 2*g**2 + 2*g - 6. Let k(z) = -3*z**2 - 4*z + 11. Let a(q) = 3*k(q) + 5*m(q). What is a(d)?
3
Let h(i) = i**2 + i - 1166 + 4*i + 1167. What is h(-5)?
1
Let u(s) = s**2 + 2*s - 2. Let q be u(-3). Let y(z) = q + 2 - 6*z**2 - 4*z + 0*z**2 - z**3. Determine y(-5).
-2
Let y(t) = t - 5. Let d(r) = -2*r**2 - 3*r + 2. Let s be d(-2). Calculate y(s).
-5
Let x be 4*1/(-4)*-2. Suppose -x = b - 4. Let h(y) = -3*y**2 - 3*y**b + 0*y + y. Determine h(1).
-5
Let s(k) = 2*k**3 - k**3 + 5*k**2 - 2*k**2 - 5*k - 4. Suppose -4*d + 5*x + 24 = 0, 5*x - x = -3*d + 18. Let i = 2 - d. Determine s(i).
0
Let c(z) = z**2 + 9*z + 3. Let f(u) = -3*u**2 - 26*u - 9. Let i(v) = -8*c(v) - 3*f(v). Let s be 0 + -3 + 0 - (4 - 4). Give i(s).
-6
Let p(c) = -c**3 - 3*c**2 - 2. Suppose 0*l + 12 = -g - l, -3*l = -g + 8. Let t = 3 + g. Let f be t - 5/((-10)/4). What is p(f)?
-6
Let c(j) = -4*j**2 + 9*j**2 - 4*j**2. Let a(z) = -5*z + 4. Let n(l) = a(l) + c(l). What is n(3)?
-2
Let o(m) = -2*m + 26*m**2 - 2*m - 25*m**2. Give o(3).
-3
Let b(u) = 11 + 6 + 8 - 2*u - 22. Give b(4).
-5
Let h(w) be the second derivative of -w**4/12 - w**3/6 - 17*w. What is h(1)?
-2
Let i(x) be the first derivative of -x**4/4 - 4*x**3/3 + 5*x**2/2 - x - 1. Let z = 848 - 853. Give i(z).
-1
Let c(w) be the first derivative of -2 - 1/3*w**3 - 3*w - 5/2*w**2. Calculate c(-5).
-3
Suppose l + 2 = -1. Let z be ((-2)/6)/(l/9). Let s(i) = -2*i**2 + 5*i + 1. Let b(v) = 7*v**2 - 14*v - 3. Let h(a) = 6*b(a) + 17*s(a). Calculate h(z).
8
Let c(g) be the first derivative of 3*g + 1/2*g**3 - 4 - 3*g**2. Let h(q) be the first derivative of c(q). Give h(5).
9
Suppose a - s + 21 = 5*a, a + 11 = 3*s. Let y(v) = -v**3 + v - 4*v**2 - v**2 + 0*v**2 + a*v**2. Calculate y(2).
-10
Let w(c) = c**3 - 4*c**2 - 7*c + 6. Suppose 0 = z - 5*z + 20. Give w(z).
-4
Suppose 0*g + 3*g = 0. Let v = 2 - g. Let k(o) = v - 3 - 2*o + 5*o**2 + o**3 + 2 - 4. Calculate k(-5).
7
Let b(k) = -k - 7. Let d = -8 + 1. Give b(d).
0
Let n be (-1 + 2)*6/1. Let x(g) = -15*g**2 + 12*g + 14. Let b(l) = 7*l**2 - 6*l - 7. Let v(d) = 13*b(d) + 6*x(d). Determine v(n).
-7
Let t(v) = -6*v**2 + 1. Let i(s) = s**3 + 4*s**2 + 4*s + 4. Let l be i(-3). Determine t(l).
-5
Let k(y) = 12*y. Let u(m) = m. Let l(x) = -k(x) + 9*u(x). Let q = 1 + -3. Determine l(q).
6
Let n(s) = -s**2 + 3*s + 1. Let h(d) be the second derivative of d**5/5 + 3*d. Let o be h(1). Calculate n(o).
-3
Let b(u) be the first derivative of 0*u - 1/120*u**6 + 1/10*u**5 - u**2 - 5/6*u**3 + 4 - 1/6*u**4. Let o(t) be the second derivative of b(t). What is o(4)?
11
Let w(a) = 5*a**3 + a**2 - 4*a - 2. Let d(b) = -9*b**3 - 2*b**2 + 7*b + 3. Let y(o) = -4*d(o) - 7*w(o). Calculate y(2).
14
Let s(a) be the third derivative of a**6/120 - a**5/30 + a**4/12 + a**2. Let n = 7 - 2. Let g = n + -3. Give s(g).
4
Suppose -3*i - 2 = -5*i. Suppose -y - 4 = i, -4*r + 18 = -2*y. Let j(s) = -s + 4. Determine j(r).
2
Suppose -4*c + 7 = -j, 4*c + c - 3*j - 7 = 0. Suppose c = k - 6. Let p = k + -4. Let m(w) = w - 5. Calculate m(p).
-1
Let k(l) = l**2 + 5*l + 3. Let g be k(-5). Let s(p) = -2*p + 4. Give s(g).
-2
Let x(i) be the third derivative of -i**5/30 + i**4/12 + i**3/6 - i**2. Let p be 60/14*42/(-6). Let w be (-2)/(-3) + p/18. Determine x(w).
-3
Let v(j) be the second derivative of -